 is the remainder when d is divided by 37?
30
Suppose 4*n = -0*n. Suppose -w = -i + 41, n = -3*w - 2*w. Let v = -21 + i. Calculate the remainder when 58 is divided by v.
18
Let k = -1906 - -2120. What is the remainder when k is divided by 122?
92
Let b(x) = 10*x**2 + 4*x + 3. Let v be b(-2). Suppose v - 21 = d. Calculate the remainder when 80 is divided by d.
10
Suppose -n = 4*t - 171, 5*t - 103*n - 216 = -102*n. Let q(p) = p**3 - 7*p**2 + 3*p - 6. What is the remainder when t is divided by q(7)?
13
Let n = 147 - 126. Calculate the remainder when 54 is divided by n.
12
Let b = 15 + -13. What is the remainder when ((-1)/3)/((-1)/87) is divided by (-260)/(-39)*3/b?
9
Suppose -1074 = 3*p + 978. What is the remainder when (p/(-16))/(-9)*-8 is divided by 10?
8
Let o(c) = 2*c**3 - 11*c**2 + 4*c - 13. Let r(a) = -a + 1 + 8*a**2 - 4*a**2 + 12*a**2. What is the remainder when o(6) is divided by r(1)?
15
Let x(o) = -o + 3. What is the remainder when 40 is divided by x(-7)?
0
Let j be (-1)/(-6) + 7/(-42). Suppose -9*z + 6*z + 72 = j. Calculate the remainder when 5*-6*(-3)/2 is divided by z.
21
Let u be 4 + ((-4)/(-4)*3 - 3). Suppose 0 = 5*p + 4*s - 3*s - 43, -u*s - 35 = -3*p. What is the remainder when p is divided by 7?
2
Suppose 13*o - 351 = 4*o. What is the remainder when o is divided by ((-60)/(-14))/((-9)/(-42))?
19
Calculate the remainder when 130 is divided by 480/22 + (4/22)/1.
20
Suppose -3*u + 3*v = -165, 153 = 4*u - v - 73. Calculate the remainder when 1878 is divided by u.
54
Suppose 9*j = 4*j - 70. Let m = j + 23. Let d = 19 - m. What is the remainder when d is divided by 6?
4
Let d = -15 - -74. Suppose 3*n - 2*m = 6*n - 28, -3*n = 5*m - 16. What is the remainder when d is divided by n?
11
Suppose -1814 = -13*g - 423. Calculate the remainder when g is divided by 27.
26
Suppose 0 = 52*c + 22*c - 8954. Let x(j) = 3*j**2 + 4. What is the remainder when c is divided by x(-3)?
28
Suppose -30 = -3*l - 0*l - 5*q, 3*q + 30 = 3*l. What is the remainder when 42 is divided by l?
2
Suppose -69 = 29*q - 417. What is the remainder when 175 is divided by q?
7
Suppose -2*r + 468 = 5*a - 665, 4*a - 884 = 4*r. What is the remainder when a is divided by 46?
41
Let i(t) = -3*t - 11. Let j be i(-3). What is the remainder when 14 is divided by (2 + j/(4/3))*18?
5
Suppose 4*q - 4 = 52. Calculate the remainder when (-1518)/(-14) + (-332)/(-581) is divided by q.
11
Let h = -2525 + 2554. What is the remainder when 575 is divided by h?
24
Calculate the remainder when 72 is divided by -4*4/(-8) - (-3 - 11).
8
Suppose -5*f + 437 - 152 = 0. Suppose -19*j = -25*j + 126. What is the remainder when f is divided by j?
15
Suppose 2*d + 4*d - 198 = 0. Suppose -4*n + 10 - 2 = 0. Suppose n*y = 2*m + 18, 3*y + 2*m - 39 = m. Calculate the remainder when d is divided by y.
9
Let q be 7/(-21) - (-2)/6. Suppose 2*a + 2*a - 2*k - 212 = q, -3*a + 4*k + 169 = 0. Let u = 50 - 32. Calculate the remainder when a is divided by u.
15
Suppose 0 = 5*d - o - 126, o + 110 = 5*d - 4*o. Let s = d + -17. Calculate the remainder when 34 is divided by s.
7
Let t(g) = -g**2 - 4*g + 5. Let x be t(-4). Suppose 2*s = x + 41. What is the remainder when s is divided by 6?
5
Let m = 228 + -151. Suppose 4*d - 14 = 38. What is the remainder when m is divided by d?
12
Suppose 2*h = -4*m - 2, 2*h + 2*m = -2*h + 8. Calculate the remainder when 104 + (-2 - h/3) is divided by 26.
23
Let a(p) = -12*p + 6. Calculate the remainder when a(-24) is divided by 33.
30
Let o(b) = 4*b**2 + 4*b - 8. Let n be o(3). Let j = 97 + n. Calculate the remainder when j is divided by 46.
45
Suppose 5*r - 63 = -i, -5*r = 2*i - 2*r - 91. Calculate the remainder when 144 is divided by i.
30
Let p(d) = -3*d**2 - 124*d - 37. What is the remainder when 61 is divided by p(-41)?
1
Let g = 28 + -13. Suppose -180 = 2*o - 3*p, o - 2*p = -o - 184. Let s = -37 - o. Calculate the remainder when s is divided by g.
14
Let k(v) = 7*v - 9. Let y = -25 - -29. What is the remainder when 50 is divided by k(y)?
12
Suppose -4*n = 5*c - 79, c - n + 147 = 161. Calculate the remainder when 644 is divided by c.
14
Let y(t) = -t**2 + 4. Let k be y(0). Let a be 2 + 12/(-10) + 212/10. Suppose -8 - 1 = -g - z, -k*z + a = 2*g. Calculate the remainder when 26 is divided by g.
5
Let s = -17 + 16. Calculate the remainder when s/3 + (-400)/(-30) is divided by 4.
1
Let h(g) = 3*g**2 + 70*g + 28. Calculate the remainder when h(-24) is divided by 10.
6
Let r = -630 + 760. Calculate the remainder when r is divided by 17.
11
Let b(j) = j - 15. Let f be b(-4). Let n = 44 + f. Suppose -3 = -2*o + o, q + o = 12. Calculate the remainder when n is divided by q.
7
Let j(k) = k**3 - 7*k**2 - k + 9. Let v be j(7). What is the remainder when (104/10)/(v/15) is divided by (-826)/(-42) - 2/(-6)?
18
Let k be ((-2)/(-4))/(7/560). Let s be (7/((-28)/k))/(-2). Suppose -135 = -5*g - 7*d + 3*d, -3*d = -s*g + 100. What is the remainder when 67 is divided by g?
21
Suppose 5*a - 9 = 2*x, 12 = -x - 4*x + 2*a. What is the remainder when 28 is divided by ((4/3)/x)/(5/(-45))?
4
Let g(a) = a - 1. Let y(q) = q + 16. Let r(v) = 2*g(v) + y(v). Suppose 0 = -4*h + 4*j + 4, 5*j = 25. Calculate the remainder when 61 is divided by r(h).
29
Let d(s) = -s**3 + 11*s**2 + 17*s - 22. Calculate the remainder when 39 is divided by d(12).
1
Suppose f = -r + 147, 212 = 5*r - 2*f - 537. Let z(a) = 10*a - 2. What is the remainder when r is divided by z(4)?
35
Suppose 19 = z - 5*r - 46, -5*r - 125 = -2*z. What is the remainder when 146 is divided by z?
26
Suppose 2*w - 4 = 8. Let r be (-11 + 5)*2/w. What is the remainder when 12 is divided by 120/(-16)*r/3?
2
Suppose 2*w - 100 = m, -2*w = -w - 2*m - 50. Suppose 0 = 5*d - 23 - 37. Suppose -2*t + 3 = -5*t, l + 5*t = d. What is the remainder when w is divided by l?
16
Suppose -4*d + 5*i - 30 = 0, 13 = -4*d - 4*i + 1. Let x = d - -9. Suppose -x*m + 6 = -m. What is the remainder when 6 is divided by m?
0
Calculate the remainder when -4*(-2)/8 - -170 is divided by 22.
17
Suppose 3*r - 2*a - 84 = 0, r = -0*r - 4*a + 42. Let h = r + -6. Calculate the remainder when 166 is divided by h.
22
Let m = -57 - -88. What is the remainder when 272 is divided by m?
24
What is the remainder when ((-354)/8 + 1)*(96 - 100) is divided by 22?
19
What is the remainder when 289 is divided by 1*(586/8 - (-16)/(-64))?
70
Let p(m) be the second derivative of 5*m**3/6 - 23*m**2/2 - 16*m. What is the remainder when p(7) is divided by 7?
5
Let t = 61 + 39. Calculate the remainder when t is divided by 45.
10
Suppose -72 + 330 = 3*k. Suppose -13 = -t + 16. Calculate the remainder when k is divided by t.
28
Suppose 2*i - 249 = -3*k, i - 5*k = -0*k + 157. Let b = -101 + i. What is the remainder when b is divided by 16?
15
Let y = 456 + -429. Calculate the remainder when 100 is divided by y.
19
Let f = -34 + 38. Calculate the remainder when 25 is divided by f.
1
Let f be (0/(-5))/(-4) + 51. Let s = f - 39. What is the remainder when 45 is divided by s?
9
Let m = -49 - -50. Suppose 0 = 5*j - 0*j - 55. Calculate the remainder when (1 - m/3)/(6/279) is divided by j.
9
Let q = -1028 - -1118. Calculate the remainder when 177 is divided by q.
87
Let l = 15 - 12. Let v = 8 - l. What is the remainder when 9 is divided by v?
4
Let i be 10/(-15) - (-5)/(-15). Let f(p) = p**3 - 2*p**2 - 2*p. What is the remainder when 60 - -11 - (i - -1) is divided by f(4)?
23
Let z = 37 + -7. Suppose 29*q - z*q = -4. What is the remainder when 15 is divided by q?
3
Let s = -2 + 7. Suppose -4*w = -5*q - s - 0, 2*q = -2. Suppose w = -4*d + d + 216. Calculate the remainder when d is divided by 25.
22
Let y(z) be the second derivative of z**5/20 - z**4/4 + z**3/3 + 7*z**2/2 - 24*z. Calculate the remainder when 22 is divided by y(3).
9
Let s = -94 - -99. Suppose -s*n - 32 = -2*b, -5*b - 2*n + 51 = -0*n. Calculate the remainder when 65/3 - (-8)/(-12) is divided by b.
10
Let c = -515 + 530. Let z(m) = m**2 - 7*m - 2. Calculate the remainder when z(10) is divided by c.
13
Let p = 2 + 0. Let s be 2 - -3*2/p. Suppose -s*i + 102 = -43. Calculate the remainder when 86 is divided by i.
28
What is the remainder when 67 is divided by (-245)/(-1 - 6) - 9?
15
Suppose -3*g - g = -24. Calculate the remainder when 4/34 + 10674/306 is divided by g